tens digit of u?
1
Suppose -5*x + 6 = -9. Let j(b) = -5*b - 4. Let o be j(-4). Suppose o = x*s + s. What is the units digit of s?
4
What is the tens digit of (-4)/24 + (-532)/(-24)?
2
What is the units digit of (-3)/(-2) + 2 + (-651)/(-6)?
2
Let x = 0 - 6. What is the tens digit of 2/x - (-62)/6?
1
Suppose 2 = -2*u + 10. Suppose -3*w + 9 = -2*p + 2, -u*p = -2*w - 6. What is the units digit of w?
5
Let n(o) = o**2 - 4*o - 1. Let x be n(-3). Suppose -3*f + 5*f - x = 0. What is the tens digit of f?
1
Let n(i) = -i**3 - 5*i**2 - 6*i. Let b be n(-4). Let y be (-2)/(-6) - b/(-3). Suppose 0 = y*v - 13 - 8. What is the units digit of v?
7
Let p(q) = -9*q**2 + 3*q + 2. Let z be p(-2). Let y = z - -68. What is the units digit of y?
8
Let x(k) be the second derivative of 0 - 2*k - 1/6*k**4 + 1/6*k**3 + 9/20*k**5 + 0*k**2. What is the units digit of x(1)?
8
Let g = 266 - 71. What is the tens digit of g?
9
Suppose 0 = -11*v + 4282 - 212. What is the hundreds digit of v?
3
Suppose 5*f + q = 5*q + 29, -3*q = 4*f - 17. What is the tens digit of (246/(-15))/((-2)/f)?
4
Let g(h) = h + 12. Let a be g(-9). Suppose -5*l - a*m + 100 = 0, 8*l - 3*l = m + 80. What is the units digit of l?
7
Suppose c - 2 = 2. Suppose -4*u = -5*u - 8. What is the tens digit of (c/u)/((-1)/20)?
1
Suppose -4*m + 5 = 1. Let h be 6 - (1/1 + m). Suppose h + 16 = 5*a. What is the units digit of a?
4
Suppose 0 = 5*j + 2*y - 933, 3*y = 4*j + 7*y - 744. What is the hundreds digit of j?
1
Let j be (0 + 4/(-8))*-8. Suppose 34 = 2*f + 2*f + 2*c, 5*c - j = -f. What is the units digit of f?
9
Suppose 16*r - 11*r - 20 = 0. Suppose 0 = -0*b + r*b - 5*p - 41, -2*b = -3*p - 21. What is the units digit of b?
9
Suppose -2*k = -3*k + 1, -2*j + 3*k + 837 = 0. What is the units digit of j/18 - 1/3?
3
Suppose 1161 = 4*f + 373. What is the hundreds digit of f?
1
Suppose p = 3*y + 12, 2*p = -5*y + 3*p - 22. Let v = 0 - y. Suppose -21 = -v*z + 14. What is the units digit of z?
7
Suppose 4*v = -4*a + 2*v + 390, -4*a + 2*v = -410. What is the units digit of a?
0
Let d(k) = -k**3 + 2*k - 3. What is the units digit of d(-3)?
8
Let g = 10 + -5. Suppose -3*h = -5*t - 31, 0 = h + g*t - 7 - 10. Suppose -6 - h = -3*k. What is the units digit of k?
6
Suppose -r + 0*r + 2 = 0. Suppose 56 = -3*s + 4*j, 19 = -3*s - 3*j - r. What is the units digit of 18/s - (-26)/4?
5
Let d = 7 + -35. Let n = 18 + d. What is the units digit of 2 + -2*n/4?
7
What is the units digit of (6 + -5)*1/1?
1
Let h = 24 - -28. Suppose 3*f + h = -11. Let i = f + 29. What is the units digit of i?
8
Suppose 0*a - 2*a + 5*n = 0, 3*a = 3*n. Suppose 3*u = b - u - 18, 4*b + 3*u + 4 = a. What is the units digit of b?
2
Let u = -7 + 21. What is the tens digit of u?
1
Suppose 3*h = 12, 2*s - 4*h + 828 = 6*s. What is the units digit of s?
3
Let s be (15/(-10))/(3/(-2)). What is the tens digit of 17 + 6/(-1 - s)?
1
Let a be (-2)/(-1 - -2) + 0. Let g be (-8)/a*(-5)/(-4). Suppose 3*z + 23 = 4*z + 2*f, -5*z - g*f + 90 = 0. What is the units digit of z?
3
What is the tens digit of 124 - (45/(-12) - 7/28)?
2
Let n(z) = -16*z**2 + 16*z. Let g(p) = -3*p**2 + 3*p. Let y(l) = -11*g(l) + 2*n(l). Let v be y(0). What is the units digit of 0 - (12 + v)/(-3)?
4
Suppose -4*a - 7 = -a + u, 2*a = -4*u - 8. Let f be (-39)/(-6) - a/(-4). What is the units digit of (-2 + f + -2)*2?
4
Let h = -5 + 10. Suppose h*p - 17 = 28. What is the units digit of p?
9
Let p = 6 - 6. Suppose 3*n + 2*y - 1 = -p*n, 26 = 2*n - 5*y. Suppose 1 - 52 = -n*f. What is the tens digit of f?
1
Suppose 5*m + 11 + 17 = -2*n, 5*m = -20. Let z be n/10 + 8/(-5). What is the units digit of z/(-4) + (-76)/(-8)?
0
Let v be (-76)/(-20) + 1/5. Let p = v - -18. What is the units digit of p?
2
Let q(z) = 26*z + 1. Let n(b) = -13*b - 1. Let a(i) = -5*n(i) - 3*q(i). What is the units digit of a(-1)?
5
What is the tens digit of (-7)/14*(-48 - -2)?
2
Let q(v) be the first derivative of v**3/3 - 4*v**2 - 4*v + 2. What is the units digit of q(9)?
5
Let d(o) = o - 5. Let h(m) = -m**3 + 9*m**2 + 9*m + 4. Let q be h(10). Let y be 1/q + (-148)/(-24). What is the units digit of d(y)?
1
Let p be (-50 + 1)*(-1 - -2). Let j be (0 - (p - 2)) + -2. Suppose -19 = 2*y - j. What is the units digit of y?
5
Let m(v) = -3*v - 2. Let o be m(-2). Suppose -24 = -5*h - o. Suppose 0 = 4*q - 2*a - 46, 2*q + q + h*a - 29 = 0. What is the units digit of q?
1
Let f(a) = -a**3 - a + 4. Suppose 0*s + s = 0. Suppose -h = -s*h. What is the units digit of f(h)?
4
Suppose -4*r + 138 = -r. What is the tens digit of r?
4
Let p(y) = -5*y - 49. What is the tens digit of p(-18)?
4
Suppose -4*h = -0*h. Let y(a) = -a**3 + a**2 - a + 22. What is the tens digit of y(h)?
2
Let n(c) = 0*c**2 + 5 - 6 + 11*c + 0*c**2 - c**2. What is the tens digit of n(7)?
2
Let g be (104/4 - -1)*-1. Let r = 37 + g. What is the units digit of r?
0
Suppose -4*s + 177 = 5*c, 3 = 5*c - 2. What is the units digit of s?
3
What is the units digit of (327/4)/((-15)/(-20))?
9
What is the tens digit of 15/3 + (11 - -6)?
2
Suppose 0 = a + 4*t, 4*t - 20 = a + 3*a. What is the units digit of (-70)/a*(-8)/(-10)?
4
Let p(o) = o**2 - 4*o - 3. Let g be p(4). Let b be (-3)/(((-9)/(-120))/1). What is the units digit of b/(-6) - 1/g?
7
Let s(d) = -d - 9. What is the units digit of s(-11)?
2
Let t(q) = -16*q - 3. What is the tens digit of t(-2)?
2
Suppose -5*y + 120 = -0*y. Suppose y = 3*i - i. What is the tens digit of i?
1
Suppose p + 3*i + 5 = 5*i, -3*p + 5*i = 13. Let j be 0 + 2 + 0/p. What is the units digit of 2 + (1 - j) + 1?
2
Let p(g) = 0*g**3 + 4*g**2 - 3 + 3*g**3 - 2*g**3 + 1 - 4*g. What is the tens digit of p(-4)?
1
Let g = -25 - -46. Suppose -2*s + g = -7. What is the tens digit of s?
1
Let y = -1 + 0. Let u = y - -1. Suppose -3*j = 4*f - u*f - 9, 3*j + 5*f = 9. What is the units digit of j?
3
Let m = -16 + 10. Let u(o) = -7*o + 8. Let w be u(m). Suppose 0 = -4*f + 2 + w. What is the tens digit of f?
1
Let v be 5/((-5)/2) + 1. Let q be -3 - ((-3 - v) + -6). What is the tens digit of 3/15 - (-74)/q?
1
What is the tens digit of 3615/60 - (0 + 1/4)?
6
Let m = 89 + -10. What is the units digit of m?
9
What is the units digit of (3 - 4)*(-29)/1?
9
Let v(s) = -s**3 + 17*s**2 - 4*s + 13. What is the units digit of v(16)?
5
Let f = 0 - -5. Suppose f*b - 39 = -9. What is the units digit of b?
6
Let t(c) = -c**3 + 3*c**2 + 5*c - 3. Let x be t(4). Suppose 0 = -4*z + 3*z - x. What is the units digit of ((0 - 1) + -2)*z?
3
Suppose -c + 171 = 3*m, 57 = m - 3*c + c. Suppose 38 + m = 5*h. What is the tens digit of h?
1
Let l be -5*(-4 + 2)/2. Suppose -3*j + 2*s + 144 = 0, -j - l*s + s + 48 = 0. What is the tens digit of j?
4
Let n = 71 + -47. What is the units digit of n?
4
Let a(l) = 2*l**2 - l**2 + 2 - 5 - 4*l. What is the units digit of a(-3)?
8
What is the tens digit of (-2)/13 + (-1320)/(-130)?
1
What is the units digit of (1 - -2)*(-87)/(-9)?
9
Let z be (0 + 2)*(-3)/(-2). What is the tens digit of z/((-3)/(-10)) + 0?
1
Suppose -p - r = 3*p - 28, 3*p + 3*r = 12. Let j = p - 4. What is the units digit of j?
4
Let w = -15 + 16. Suppose 61 - w = 2*o. What is the units digit of o?
0
Suppose -2*m = 1 - 15. What is the units digit of (-384)/(-28) + 2/m?
4
Let o be (-9)/(-6)*(2 + 0). Suppose 17 = o*b + 2*c, b - 5*c = 2*b - 10. What is the units digit of b?
5
Let u(n) = 3*n. Let v be u(-2). Suppose 3*m + 4*o = -13, -26 = m - 5*o - 9. Let k = v - m. What is the units digit of k?
1
Let r = -11 + 13. Suppose -28 = -2*t - r*p, t - 4*p - 19 = -0*p. What is the units digit of t?
5
Suppose 3*l = -5*g + 296, -311 = -3*l - 4*g + 2*g. What is the tens digit of l?
0
What is the units digit of (2 - 4/3)*6?
4
Let g be (-2)/2*1 - -18. Let a be (-4 - -5)*1*24. Let s = a - g. What is the units digit of s?
7
Let t(z) = 6*z**2 + 6*z + 6. What is the tens digit of t(-4)?
7
Let b = 52 + 152. What is the hundreds digit of b?
2
Let g(m) = 26*m**3 - 1. What is the units digit of g(1)?
5
Let x(a) = -a + 5. Let n = 12 - 7. Let m(y) = -1. Let w(d) = n*m(d) + x(d). What is the units digit of w(-5)?
5
Let q = -5 - -8. Suppose 2*k = -q*k. Let o = k + 2. What is the units digit of o?
2
Suppose 0 = 4*l - 7*l + 5*v + 13, -2*v - 9 = -5*l. Suppose 2 = -2*i - 4*x, 12 = 2*i + 2*i + 4*x. What is the units digit of (-2)/2 + i*l?
6
Suppose 1 - 